{"id":89,"date":"2024-01-01T17:13:14","date_gmt":"2024-01-01T16:13:14","guid":{"rendered":"https:\/\/silketottens.dk\/?page_id=89"},"modified":"2024-01-21T14:57:07","modified_gmt":"2024-01-21T13:57:07","slug":"reserverationsliste","status":"publish","type":"page","link":"https:\/\/silketottens.dk\/?page_id=89","title":{"rendered":"Reserverationsliste"},"content":{"rendered":"<p>[et_pb_section fb_built=&#8221;1&#8243; _builder_version=&#8221;4.23.3&#8243; _module_preset=&#8221;default&#8221; background_color=&#8221;#eed7b9&#8243; global_colors_info=&#8221;{}&#8221;][et_pb_row column_structure=&#8221;1_2,1_2&#8243; _builder_version=&#8221;4.23.3&#8243; _module_preset=&#8221;default&#8221; global_colors_info=&#8221;{}&#8221;][et_pb_column type=&#8221;1_2&#8243; _builder_version=&#8221;4.23.3&#8243; _module_preset=&#8221;default&#8221; global_colors_info=&#8221;{}&#8221;][et_pb_text _builder_version=&#8221;4.23.3&#8243; _module_preset=&#8221;default&#8221; global_colors_info=&#8221;{}&#8221;]<\/p>\n<p>Velkommen til vores reservationsliste for kommende kuld hvalpe! Vi er begejstrede for at dele denne sp\u00e6ndende rejse med dig og tilbyder dig muligheden for at reservere din plads til at bringe en af vores fantastiske hvalpe hjem til dig!<\/p>\n<p>&nbsp;<\/p>\n<p><strong>Hvordan Reserverer du din kommende hvalp?<\/strong><\/p>\n<p>&nbsp;<\/p>\n<p>Udfyld venligst formularen p\u00e5 denne side med dine kontakt oplysninger og eventuelle pr\u00e6ferencer for k\u00f8n eller farve.<\/p>\n<p>Reservationsgebyr: For at sikre din reservation kr\u00e6ver vi et reservationsgebyr p\u00e5 500 kr. Dette bel\u00f8b fungerer som et depositum og vil blive trukket fra den samlede k\u00f8bspris ved afhentning af hvalpen.<\/p>\n<p>N\u00e5r ans\u00f8gningen er sendt afsted til os, kontakter vi dig snarest muligt omkring alt det praktiske, herunder mobilepay nummer.<\/p>\n<p>&nbsp;<\/p>\n<p><strong>Hvorfor skal jeg skrive mig op allerede nu?<\/strong><\/p>\n<ul>\n<li>F\u00f8rste valg: Reserverede pladser f\u00e5r f\u00f8rsteprioritet ved valg af hvalpe.<\/li>\n<li>Personlig Kontakt: Du vil have mulighed for at diskutere dine pr\u00e6ferencer og behov direkte med os.<\/li>\n<\/ul>\n<p>[\/et_pb_text][\/et_pb_column][et_pb_column type=&#8221;1_2&#8243; _builder_version=&#8221;4.23.3&#8243; _module_preset=&#8221;default&#8221; global_colors_info=&#8221;{}&#8221;][et_pb_contact_form email=&#8221;info@silketottens.dk&#8221; success_message=&#8221;Tak! &#8211; Du h\u00f8re fra os snarest muligt.&#8221; admin_label=&#8221;Reservationslisteformular&#8221; _builder_version=&#8221;4.23.3&#8243; _module_preset=&#8221;default&#8221; _unique_id=&#8221;09e776ec-65fb-4946-a306-b5b972e6d059&#8243; hover_enabled=&#8221;0&#8243; global_colors_info=&#8221;{}&#8221; custom_message=&#8221;Ny foresp\u00f8rgsel om at komme p\u00e5 reservationslisten.||et_pb_line_break_holder||||et_pb_line_break_holder||Navn:||et_pb_line_break_holder||%%navn%%||et_pb_line_break_holder||||et_pb_line_break_holder||E-mail:||et_pb_line_break_holder||%%email%%||et_pb_line_break_holder||||et_pb_line_break_holder||Hvem er du?||et_pb_line_break_holder||%%Hvem_er_du?%%||et_pb_line_break_holder||||et_pb_line_break_holder||\u00d8nsket race:||et_pb_line_break_holder||%%race%%||et_pb_line_break_holder||||et_pb_line_break_holder||\u00d8nsket k\u00f8n:||et_pb_line_break_holder||%%kon%%||et_pb_line_break_holder||||et_pb_line_break_holder||\u00d8nsket farve:||et_pb_line_break_holder||%%farve%%&#8221; sticky_enabled=&#8221;0&#8243;][et_pb_contact_field field_id=&#8221;Navn&#8221; field_title=&#8221;Navn&#8221; _builder_version=&#8221;4.23.3&#8243; hover_enabled=&#8221;0&#8243; global_colors_info=&#8221;{}&#8221; button_text_size__hover_enabled=&#8221;off&#8221; button_one_text_size__hover_enabled=&#8221;off&#8221; button_two_text_size__hover_enabled=&#8221;off&#8221; button_text_color__hover_enabled=&#8221;off&#8221; button_one_text_color__hover_enabled=&#8221;off&#8221; button_two_text_color__hover_enabled=&#8221;off&#8221; button_border_width__hover_enabled=&#8221;off&#8221; button_one_border_width__hover_enabled=&#8221;off&#8221; button_two_border_width__hover_enabled=&#8221;off&#8221; button_border_color__hover_enabled=&#8221;off&#8221; button_one_border_color__hover_enabled=&#8221;off&#8221; button_two_border_color__hover_enabled=&#8221;off&#8221; button_border_radius__hover_enabled=&#8221;off&#8221; button_one_border_radius__hover_enabled=&#8221;off&#8221; button_two_border_radius__hover_enabled=&#8221;off&#8221; button_letter_spacing__hover_enabled=&#8221;off&#8221; button_one_letter_spacing__hover_enabled=&#8221;off&#8221; button_two_letter_spacing__hover_enabled=&#8221;off&#8221; button_bg_color__hover_enabled=&#8221;off&#8221; button_one_bg_color__hover_enabled=&#8221;off&#8221; button_two_bg_color__hover_enabled=&#8221;off&#8221; sticky_enabled=&#8221;0&#8243;][\/et_pb_contact_field][et_pb_contact_field field_id=&#8221;Email&#8221; field_title=&#8221;E-mailadresse&#8221; field_type=&#8221;email&#8221; _builder_version=&#8221;4.23.3&#8243; hover_enabled=&#8221;0&#8243; global_colors_info=&#8221;{}&#8221; button_text_size__hover_enabled=&#8221;off&#8221; button_one_text_size__hover_enabled=&#8221;off&#8221; button_two_text_size__hover_enabled=&#8221;off&#8221; button_text_color__hover_enabled=&#8221;off&#8221; button_one_text_color__hover_enabled=&#8221;off&#8221; button_two_text_color__hover_enabled=&#8221;off&#8221; button_border_width__hover_enabled=&#8221;off&#8221; button_one_border_width__hover_enabled=&#8221;off&#8221; button_two_border_width__hover_enabled=&#8221;off&#8221; button_border_color__hover_enabled=&#8221;off&#8221; button_one_border_color__hover_enabled=&#8221;off&#8221; button_two_border_color__hover_enabled=&#8221;off&#8221; button_border_radius__hover_enabled=&#8221;off&#8221; button_one_border_radius__hover_enabled=&#8221;off&#8221; button_two_border_radius__hover_enabled=&#8221;off&#8221; button_letter_spacing__hover_enabled=&#8221;off&#8221; button_one_letter_spacing__hover_enabled=&#8221;off&#8221; button_two_letter_spacing__hover_enabled=&#8221;off&#8221; button_bg_color__hover_enabled=&#8221;off&#8221; button_one_bg_color__hover_enabled=&#8221;off&#8221; button_two_bg_color__hover_enabled=&#8221;off&#8221; sticky_enabled=&#8221;0&#8243;][\/et_pb_contact_field][et_pb_contact_field field_id=&#8221;Hvem_er_du?&#8221; field_title=&#8221;Hvem er du?&#8221; field_type=&#8221;text&#8221; fullwidth_field=&#8221;on&#8221; _builder_version=&#8221;4.23.3&#8243; _module_preset=&#8221;default&#8221; hover_enabled=&#8221;0&#8243; global_colors_info=&#8221;{}&#8221; sticky_enabled=&#8221;0&#8243;][\/et_pb_contact_field][et_pb_contact_field field_id=&#8221;Race&#8221; field_title=&#8221;\u00d8nsket race?&#8221; required_mark=&#8221;off&#8221; fullwidth_field=&#8221;on&#8221; _builder_version=&#8221;4.23.3&#8243; _module_preset=&#8221;default&#8221; hover_enabled=&#8221;0&#8243; global_colors_info=&#8221;{}&#8221; sticky_enabled=&#8221;0&#8243;][\/et_pb_contact_field][et_pb_contact_field field_id=&#8221;Farve&#8221; field_title=&#8221;\u00d8nsket farve?&#8221; required_mark=&#8221;off&#8221; fullwidth_field=&#8221;on&#8221; _builder_version=&#8221;4.23.3&#8243; _module_preset=&#8221;default&#8221; hover_enabled=&#8221;0&#8243; global_colors_info=&#8221;{}&#8221; sticky_enabled=&#8221;0&#8243;][\/et_pb_contact_field][et_pb_contact_field field_id=&#8221;Kon&#8221; field_title=&#8221;\u00d8nsket k\u00f8n?&#8221; field_type=&#8221;checkbox&#8221; checkbox_options=&#8221;%91{%22value%22:%22Han%22,%22checked%22:0,%22dragID%22:-1},{%22value%22:%22Hun%22,%22checked%22:0,%22dragID%22:0}%93&#8243; required_mark=&#8221;off&#8221; fullwidth_field=&#8221;on&#8221; _builder_version=&#8221;4.23.3&#8243; hover_enabled=&#8221;0&#8243; global_colors_info=&#8221;{}&#8221; button_text_size__hover_enabled=&#8221;off&#8221; button_one_text_size__hover_enabled=&#8221;off&#8221; button_two_text_size__hover_enabled=&#8221;off&#8221; button_text_color__hover_enabled=&#8221;off&#8221; button_one_text_color__hover_enabled=&#8221;off&#8221; button_two_text_color__hover_enabled=&#8221;off&#8221; button_border_width__hover_enabled=&#8221;off&#8221; button_one_border_width__hover_enabled=&#8221;off&#8221; button_two_border_width__hover_enabled=&#8221;off&#8221; button_border_color__hover_enabled=&#8221;off&#8221; button_one_border_color__hover_enabled=&#8221;off&#8221; button_two_border_color__hover_enabled=&#8221;off&#8221; button_border_radius__hover_enabled=&#8221;off&#8221; button_one_border_radius__hover_enabled=&#8221;off&#8221; button_two_border_radius__hover_enabled=&#8221;off&#8221; button_letter_spacing__hover_enabled=&#8221;off&#8221; button_one_letter_spacing__hover_enabled=&#8221;off&#8221; button_two_letter_spacing__hover_enabled=&#8221;off&#8221; button_bg_color__hover_enabled=&#8221;off&#8221; button_one_bg_color__hover_enabled=&#8221;off&#8221; button_two_bg_color__hover_enabled=&#8221;off&#8221; sticky_enabled=&#8221;0&#8243;][\/et_pb_contact_field][\/et_pb_contact_form][\/et_pb_column][\/et_pb_row][\/et_pb_section]<\/p>\n","protected":false},"excerpt":{"rendered":"<p>Velkommen til vores reservationsliste for kommende kuld hvalpe! Vi er begejstrede for at dele denne sp\u00e6ndende rejse med dig og tilbyder dig muligheden for at reservere din plads til at bringe en af vores fantastiske hvalpe hjem til dig! &nbsp; Hvordan Reserverer du din kommende hvalp? &nbsp; Udfyld venligst formularen p\u00e5 denne side med dine [&hellip;]<\/p>\n","protected":false},"author":1,"featured_media":0,"parent":0,"menu_order":0,"comment_status":"closed","ping_status":"closed","template":"","meta":{"_et_pb_use_builder":"on","_et_pb_old_content":"","_et_gb_content_width":"","_monsterinsights_skip_tracking":false,"_monsterinsights_sitenote_active":false,"_monsterinsights_sitenote_note":"","_monsterinsights_sitenote_category":0,"footnotes":""},"class_list":["post-89","page","type-page","status-publish","hentry"],"_links":{"self":[{"href":"https:\/\/silketottens.dk\/index.php?rest_route=\/wp\/v2\/pages\/89","targetHints":{"allow":["GET"]}}],"collection":[{"href":"https:\/\/silketottens.dk\/index.php?rest_route=\/wp\/v2\/pages"}],"about":[{"href":"https:\/\/silketottens.dk\/index.php?rest_route=\/wp\/v2\/types\/page"}],"author":[{"embeddable":true,"href":"https:\/\/silketottens.dk\/index.php?rest_route=\/wp\/v2\/users\/1"}],"replies":[{"embeddable":true,"href":"https:\/\/silketottens.dk\/index.php?rest_route=%2Fwp%2Fv2%2Fcomments&post=89"}],"version-history":[{"count":8,"href":"https:\/\/silketottens.dk\/index.php?rest_route=\/wp\/v2\/pages\/89\/revisions"}],"predecessor-version":[{"id":188,"href":"https:\/\/silketottens.dk\/index.php?rest_route=\/wp\/v2\/pages\/89\/revisions\/188"}],"wp:attachment":[{"href":"https:\/\/silketottens.dk\/index.php?rest_route=%2Fwp%2Fv2%2Fmedia&parent=89"}],"curies":[{"name":"wp","href":"https:\/\/api.w.org\/{rel}","templated":true}]}}